
-4
-220 (base 3) to base 4
-120
-13 (base 7) to base 2
-1010
What is 24 (base 5) in base 2?
1110
What is -5 (base 11) in base 12?
-5
-32 (base 6) to base 4
-110
Convert -10 (base 8) to base 14.
-8
What is -24 (base 8) in base 16?
-14
What is -11000 (base 2) in base 11?
-22
What is -3 (base 11) in base 15?
-3
What is -48 (base 13) in base 14?
-44
11 (base 4) to base 13
5
-30 (base 4) to base 6
-20
a (base 15) to base 3
101
-3d (base 14) to base 16
-37
Convert 12 (base 6) to base 5.
13
10011 (base 3) to base 10
85
What is -31 (base 8) in base 12?
-21
Convert 132 (base 4) to base 7.
42
Convert 100101 (base 2) to base 15.
27
40 (base 13) to base 11
48
What is 47 (base 16) in base 11?
65
-2213 (base 4) to base 11
-142
What is 2 (base 12) in base 9?
2
6 (base 12) to base 11
6
-13c (base 13) to base 16
-dc
What is -1 (base 2) in base 10?
-1
What is 39 (base 13) in base 9?
53
52 (base 12) to base 6
142
-4 (base 9) to base 6
-4
Convert -2 (base 16) to base 7.
-2
-1a2 (base 14) to base 3
-110112
-21 (base 8) to base 10
-17
Convert 4 (base 15) to base 5.
4
What is 5 (base 6) in base 12?
5
Convert -7a (base 12) to base 5.
-334
Convert 131 (base 6) to base 13.
43
2110 (base 3) to base 16
42
38 (base 10) to base 15
28
What is -1 (base 12) in base 4?
-1
12 (base 4) to base 15
6
Convert -21 (base 4) to base 14.
-9
14 (base 14) to base 4
102
75 (base 10) to base 15
50
Convert 3 (base 15) to base 5.
3
Convert 22 (base 5) to base 4.
30
-343 (base 7) to base 16
-b2
Convert 6 (base 7) to base 11.
6
What is 4 (base 15) in base 3?
11
-10010010 (base 2) to base 10
-146
Convert 14a (base 12) to base 9.
244
What is -101 (base 2) in base 8?
-5
Convert -330 (base 7) to base 13.
-cc
-9 (base 12) to base 11
-9
-220 (base 4) to base 13
-31
Convert -201 (base 3) to base 9.
-21
-1000 (base 2) to base 16
-8
Convert 1 (base 12) to base 9.
1
Convert -35 (base 11) to base 8.
-46
What is 14d (base 14) in base 15?
12a
67 (base 8) to base 11
50
1401 (base 5) to base 15
101
-11101 (base 2) to base 3
-1002
Convert 13 (base 4) to base 8.
7
What is 122 (base 4) in base 10?
26
-e (base 16) to base 13
-11
Convert 1 (base 9) to base 2.
1
Convert 1 (base 4) to base 5.
1
What is -64 (base 8) in base 13?
-40
What is -10022 (base 3) in base 11?
-81
What is -55 (base 8) in base 5?
-140
Convert -7 (base 15) to base 14.
-7
Convert -3 (base 12) to base 15.
-3
What is -12 (base 15) in base 12?
-15
What is 23 (base 15) in base 12?
29
What is -171 (base 12) in base 6?
-1021
Convert 106 (base 7) to base 10.
55
What is 12 (base 15) in base 8?
21
-64 (base 10) to base 3
-2101
Convert 164 (base 7) to base 13.
74
-3 (base 14) to base 10
-3
What is -2220 (base 3) in base 10?
-78
Convert 22 (base 3) to base 16.
8
What is 100 (base 3) in base 10?
9
What is 10 (base 6) in base 10?
6
-8 (base 16) to base 3
-22
What is 143 (base 8) in base 11?
90
What is -30 (base 16) in base 15?
-33
Convert -45 (base 6) to base 13.
-23
What is 52 (base 16) in base 5?
312
21 (base 6) to base 11
12
Convert -211 (base 3) to base 10.
-22
Convert -3 (base 15) to base 12.
-3
-2 (base 9) to base 8
-2
What is d6 (base 15) in base 14?
105
What is 2 (base 10) in base 9?
2
What is 100 (base 6) in base 4?
210
What is 3 (base 15) in base 2?
11
Convert -13 (base 6) to base 8.
-11
3 (base 15) to base 11
3
7 (base 11) to base 6
11
11 (base 12) to base 7
16
102 (base 4) to base 2
10010
Convert 37 (base 11) to base 9.
44
-23 (base 8) to base 2
-10011
What is -6 (base 9) in base 10?
-6
Convert 1102 (base 4) to base 15.
57
What is 5 (base 15) in base 2?
101
What is 20 (base 8) in base 6?
24
11 (base 4) to base 15
5
Convert -59 (base 10) to base 9.
-65
Convert 2201 (base 3) to base 13.
58
What is 6 (base 14) in base 6?
10
What is 1011 (base 2) in base 10?
11
1 (base 7) to base 6
1
Convert 211 (base 8) to base 13.
a7
-10011 (base 2) to base 11
-18
Convert -10 (base 10) to base 2.
-1010
What is 6 (base 7) in base 8?
6
Convert 10 (base 4) to base 12.
4
10 (base 7) to base 5
12
What is -ac (base 14) in base 6?
-412
Convert 13 (base 12) to base 15.
10
Convert 135 (base 6) to base 9.
65
-1 (base 12) to base 16
-1
Convert 18 (base 10) to base 6.
30
What is 2 (base 13) in base 14?
2
Convert 1 (base 2) to base 3.
1
-19 (base 14) to base 9
-25
What is -57 (base 14) in base 13?
-5c
What is 6 (base 10) in base 2?
110
What is -5 (base 6) in base 5?
-10
Convert 3b (base 15) to base 4.
320
Convert -2 (base 5) to base 13.
-2
What is 106 (base 8) in base 10?
70
What is -223 (base 6) in base 14?
-63
What is -10 (base 4) in base 13?
-4
Convert -1102 (base 3) to base 10.
-38
What is 2 (base 3) in base 12?
2
Convert 1 (base 14) to base 2.
1
What is -2 (base 6) in base 5?
-2
70 (base 16) to base 14
80
Convert -151 (base 6) to base 11.
-61
3 (base 13) to base 2
11
30 (base 11) to base 8
41
Convert 110010 (base 2) to base 6.
122
1020 (base 3) to base 7
45
What is -103 (base 6) in base 10?
-39
-2 (base 14) to base 6
-2
0 (base 3) to base 13
0
Convert -44 (base 6) to base 7.
-40
What is 10 (base 2) in base 15?
2
Convert -1 (base 3) to base 4.
-1
Convert -4 (base 11) to base 7.
-4
Convert -5 (base 11) to base 13.
-5
What is 21 (base 4) in base 13?
9
What is 315 (base 6) in base 12?
9b
Convert 10 (base 3) to base 13.
3
What is 6 (base 11) in base 12?
6
Convert 34 (base 11) to base 15.
27
24 (base 11) to base 15
1b
What is 3 (base 7) in base 16?
3
Convert 1 (base 7) to base 8.
1
Convert 187 (base 12) to base 14.
139
Convert 35 (base 7) to base 10.
26
1 (base 15) to base 12
1
Convert 3 (base 4) to base 13.
3
What is 212 (base 3) in base 7?
32
Convert -3303 (base 4) to base 7.
-465
What is 1 (base 3) in base 9?
1
What is 11 (base 16) in base 13?
14
11 (base 2) to base 11
3
Convert 21 (base 11) to base 2.
10111
Convert 0 (base 9) to base 13.
0
What is -12 (base 9) in base 4?
-23
Convert -2 (base 16) to base 15.
-2
-13b (base 14) to base 9
-306
What is -1b (base 15) in base 2?
-11010
What is 3 (base 14) in base 5?
3
What is 10 (base 2) in base 3?
2
Convert 41 (base 9) to base 13.
2b
Convert -35 (base 14) to base 15.
-32
0 (base 11) to base 7
0
What is 46 (base 10) in base 8?
56
Convert 5 (base 14) to base 5.
10
What is 16 (base 13) in base 10?
19
Convert 10 (base 2) to base 3.
2
18 (base 14) to base 9
24
-1 (base 13) to base 3
-1
2 (base 7) to base 4
2
What is 8 (base 15) in base 13?
8
Convert -102 (base 6) to base 15.
-28
Convert 244 (base 7) to base 5.
1010
Convert -11001010 (base 2) to base 11.
-174
Convert 4 (base 15) to base 2.
100
-224 (base 9) to base 12
-134
What is 101 (base 2) in base 12?
5
-3 (base 8) to base 4
-3
What is -20 (base 6) in base 9?
-13
What is -93 (base 10) in base 9?
-113
Convert 0 (base 6) to base 14.
0
26 (base 12) to base 14
22
1102 (base 3) to base 5
123
What is -25 (base 10) in base 4?
-121
Convert c (base 14) to base 8.
14
-8 (base 10) to base 15
-8
Convert 10220 (base 3) to base 13.
81
Convert 12 (base 5) to base 3.
21
What is 101 (base 2) in base 4?
11
-45 (base 7) to base 4
-201
-4 (base 9) to base 8
-4
What is -4 (base 8) in base 14?
-4
What is 1 (base 2) in base 5?
1
8 (base 15) to base 5
13
-53 (base 9) to base 2
-110000
Convert 4 (base 11) to base 4.
10
Convert -35 (base 11) to base 15.
-28
3 (base 12) to base 9
3
What is -5 (base 13) in base 4?
-11
12 (base 5) to base 16
7
What is 25 (base 8) in base 3?
210
-2 (base 10) to base 4
-2
Convert -12 (base 3) to base 16.
-5
Convert -120 (base 13) to base 12.
-143
-3 (base 5) to base 9
-3
What is 167 (base 8) in base 7?
230
Convert 49 (base 12) to base 11.
52
What is -1302 (base 4) in base 13?
-8a
-292 (base 10) to base 8
-444
What is 3 (base 7) in base 3?
10
-10 (base 3) to base 7
-3
What is 100010110 (base 2) in base 12?
1b2
What is -24 (base 6) in base 5?
-31
Convert 11 (base 12) to base 11.
12
2 (base 8) to base 2
10
What is 32 (base 6) in base 12?
18
-100 (base 2) to base 5
-4
Convert -c8 (base 13) to base 8.
-244
What is -100 (base 8) in base 4?
-1000
-5 (base 10) to base 12
-5
-33 (base 8) to base 11
-25
What is 1 (base 15) in base 11?
1
What is 26 (base 13) in base 2?
100000
9 (base 15) to base 14
9
-19 (base 10) to base 9
-21
What is 11 (base 10) in base 3?
102
What is 3 (base 14) in base 11?
3
What is -43 (base 5) in base 3?
-212
What is -100111010 (base 2) in base 12?
-222
Convert